77.231.237.201 - - [22/Oct/2018:11:01:01 -0400] "GET /crm/api/v1/Activities/action/listUpcoming?entityTypeList%5B%5D=Meeting&entityTypeList%5B%5D=Call&entityTypeList%5B%5D=Task&futureDays=3&maxSize=10&offset=0&sortBy=id&asc=false HTTP/1.1" 200 23 "http://www.superyachtmediagroup.com/crm/" "Mozilla/5.0 (Macintosh; Intel Mac OS X 10.13; rv:62.0) Gecko/20100101 Firefox/62.0"
77.231.237.201 - - [22/Oct/2018:11:01:05 -0400] "GET /crm/api/v1/Notification/action/notReadCount HTTP/1.1" 200 - "http://www.superyachtmediagroup.com/crm/" "Mozilla/5.0 (Macintosh; Intel Mac OS X 10.13; rv:62.0) Gecko/20100101 Firefox/62.0"
77.231.237.201 - - [22/Oct/2018:11:01:12 -0400] "GET /crm/api/v1/Activities/action/popupNotifications HTTP/1.1" 200 2 "http://www.superyachtmediagroup.com/crm/" "Mozilla/5.0 (Macintosh; Intel Mac OS X 10.13; rv:62.0) Gecko/20100101 Firefox/62.0"
77.231.237.201 - - [22/Oct/2018:11:01:15 -0400] "GET /crm/api/v1/Notification/action/notReadCount HTTP/1.1" 200 - "http://www.superyachtmediagroup.com/crm/" "Mozilla/5.0 (Macintosh; Intel Mac OS X 10.13; rv:62.0) Gecko/20100101 Firefox/62.0"
77.231.237.201 - - [22/Oct/2018:11:01:25 -0400] "GET /crm/api/v1/Notification/action/notReadCount HTTP/1.1" 200 - "http://www.superyachtmediagroup.com/crm/" "Mozilla/5.0 (Macintosh; Intel Mac OS X 10.13; rv:62.0) Gecko/20100101 Firefox/62.0"
77.231.237.201 - - [22/Oct/2018:11:01:28 -0400] "GET /crm/api/v1/Activities/action/popupNotifications HTTP/1.1" 200 2 "http://www.superyachtmediagroup.com/crm/" "Mozilla/5.0 (Macintosh; Intel Mac OS X 10.13; rv:62.0) Gecko/20100101 Firefox/62.0"
77.231.237.201 - - [22/Oct/2018:11:01:31 -0400] "GET /crm/api/v1/Stream?after=2018-10-17+17%3A18%3A30&maxSize=&offset=0&sortBy=number&asc=false HTTP/1.1" 200 22 "http://www.superyachtmediagroup.com/crm/" "Mozilla/5.0 (Macintosh; Intel Mac OS X 10.13; rv:62.0) Gecko/20100101 Firefox/62.0"
77.231.237.201 - - [22/Oct/2018:11:01:32 -0400] "GET /crm/api/v1/Activities/action/listUpcoming?entityTypeList%5B%5D=Meeting&entityTypeList%5B%5D=Call&entityTypeList%5B%5D=Task&futureDays=3&maxSize=10&offset=0&sortBy=id&asc=false HTTP/1.1" 200 23 "http://www.superyachtmediagroup.com/crm/" "Mozilla/5.0 (Macintosh; Intel Mac OS X 10.13; rv:62.0) Gecko/20100101 Firefox/62.0"
77.231.237.201 - - [22/Oct/2018:11:01:35 -0400] "GET /crm/api/v1/Notification/action/notReadCount HTTP/1.1" 200 - "http://www.superyachtmediagroup.com/crm/" "Mozilla/5.0 (Macintosh; Intel Mac OS X 10.13; rv:62.0) Gecko/20100101 Firefox/62.0"
77.231.237.201 - - [22/Oct/2018:11:01:44 -0400] "GET /crm/api/v1/Activities/action/popupNotifications HTTP/1.1" 200 2 "http://www.superyachtmediagroup.com/crm/" "Mozilla/5.0 (Macintosh; Intel Mac OS X 10.13; rv:62.0) Gecko/20100101 Firefox/62.0"
77.231.237.201 - - [22/Oct/2018:11:01:45 -0400] "GET /crm/api/v1/Notification/action/notReadCount HTTP/1.1" 200 - "http://www.superyachtmediagroup.com/crm/" "Mozilla/5.0 (Macintosh; Intel Mac OS X 10.13; rv:62.0) Gecko/20100101 Firefox/62.0"
77.231.237.201 - - [22/Oct/2018:11:01:55 -0400] "GET /crm/api/v1/Notification/action/notReadCount HTTP/1.1" 200 - "http://www.superyachtmediagroup.com/crm/" "Mozilla/5.0 (Macintosh; Intel Mac OS X 10.13; rv:62.0) Gecko/20100101 Firefox/62.0"
77.231.237.201 - - [22/Oct/2018:11:01:59 -0400] "GET /crm/api/v1/Activities/action/popupNotifications HTTP/1.1" 200 2 "http://www.superyachtmediagroup.com/crm/" "Mozilla/5.0 (Macintosh; Intel Mac OS X 10.13; rv:62.0) Gecko/20100101 Firefox/62.0"
77.231.237.201 - - [22/Oct/2018:11:02:01 -0400] "GET /crm/api/v1/Stream?after=2018-10-17+17%3A18%3A30&maxSize=&offset=0&sortBy=number&asc=false HTTP/1.1" 200 22 "http://www.superyachtmediagroup.com/crm/" "Mozilla/5.0 (Macintosh; Intel Mac OS X 10.13; rv:62.0) Gecko/20100101 Firefox/62.0"
77.231.237.201 - - [22/Oct/2018:11:02:02 -0400] "GET /crm/api/v1/Activities/action/listUpcoming?entityTypeList%5B%5D=Meeting&entityTypeList%5B%5D=Call&entityTypeList%5B%5D=Task&futureDays=3&maxSize=10&offset=0&sortBy=id&asc=false HTTP/1.1" 200 23 "http://www.superyachtmediagroup.com/crm/" "Mozilla/5.0 (Macintosh; Intel Mac OS X 10.13; rv:62.0) Gecko/20100101 Firefox/62.0"
77.231.237.201 - - [22/Oct/2018:11:02:05 -0400] "GET /crm/api/v1/Notification/action/notReadCount HTTP/1.1" 200 - "http://www.superyachtmediagroup.com/crm/" "Mozilla/5.0 (Macintosh; Intel Mac OS X 10.13; rv:62.0) Gecko/20100101 Firefox/62.0"
77.231.237.201 - - [22/Oct/2018:11:02:15 -0400] "GET /crm/api/v1/Notification/action/notReadCount HTTP/1.1" 200 - "http://www.superyachtmediagroup.com/crm/" "Mozilla/5.0 (Macintosh; Intel Mac OS X 10.13; rv:62.0) Gecko/20100101 Firefox/62.0"
77.231.237.201 - - [22/Oct/2018:11:02:16 -0400] "GET /crm/api/v1/Activities/action/popupNotifications HTTP/1.1" 200 2 "http://www.superyachtmediagroup.com/crm/" "Mozilla/5.0 (Macintosh; Intel Mac OS X 10.13; rv:62.0) Gecko/20100101 Firefox/62.0"
77.231.237.201 - - [22/Oct/2018:11:02:25 -0400] "GET /crm/api/v1/Notification/action/notReadCount HTTP/1.1" 200 - "http://www.superyachtmediagroup.com/crm/" "Mozilla/5.0 (Macintosh; Intel Mac OS X 10.13; rv:62.0) Gecko/20100101 Firefox/62.0"
77.231.237.201 - - [22/Oct/2018:11:02:31 -0400] "GET /crm/api/v1/Stream?after=2018-10-17+17%3A18%3A30&maxSize=&offset=0&sortBy=number&asc=false HTTP/1.1" 200 22 "http://www.superyachtmediagroup.com/crm/" "Mozilla/5.0 (Macintosh; Intel Mac OS X 10.13; rv:62.0) Gecko/20100101 Firefox/62.0"
77.231.237.201 - - [22/Oct/2018:11:02:32 -0400] "GET /crm/api/v1/Activities/action/popupNotifications HTTP/1.1" 200 2 "http://www.superyachtmediagroup.com/crm/" "Mozilla/5.0 (Macintosh; Intel Mac OS X 10.13; rv:62.0) Gecko/20100101 Firefox/62.0"
77.231.237.201 - - [22/Oct/2018:11:02:33 -0400] "GET /crm/api/v1/Activities/action/listUpcoming?entityTypeList%5B%5D=Meeting&entityTypeList%5B%5D=Call&entityTypeList%5B%5D=Task&futureDays=3&maxSize=10&offset=0&sortBy=id&asc=false HTTP/1.1" 200 23 "http://www.superyachtmediagroup.com/crm/" "Mozilla/5.0 (Macintosh; Intel Mac OS X 10.13; rv:62.0) Gecko/20100101 Firefox/62.0"
77.231.237.201 - - [22/Oct/2018:11:02:35 -0400] "GET /crm/api/v1/Notification/action/notReadCount HTTP/1.1" 200 - "http://www.superyachtmediagroup.com/crm/" "Mozilla/5.0 (Macintosh; Intel Mac OS X 10.13; rv:62.0) Gecko/20100101 Firefox/62.0"
77.231.237.201 - - [22/Oct/2018:11:02:45 -0400] "GET /crm/api/v1/Notification/action/notReadCount HTTP/1.1" 200 - "http://www.superyachtmediagroup.com/crm/" "Mozilla/5.0 (Macintosh; Intel Mac OS X 10.13; rv:62.0) Gecko/20100101 Firefox/62.0"
77.231.237.201 - - [22/Oct/2018:11:02:47 -0400] "GET /crm/api/v1/Activities/action/popupNotifications HTTP/1.1" 200 2 "http://www.superyachtmediagroup.com/crm/" "Mozilla/5.0 (Macintosh; Intel Mac OS X 10.13; rv:62.0) Gecko/20100101 Firefox/62.0"
77.231.237.201 - - [22/Oct/2018:11:02:55 -0400] "GET /crm/api/v1/Notification/action/notReadCount HTTP/1.1" 200 - "http://www.superyachtmediagroup.com/crm/" "Mozilla/5.0 (Macintosh; Intel Mac OS X 10.13; rv:62.0) Gecko/20100101 Firefox/62.0"
77.231.237.201 - - [22/Oct/2018:11:03:01 -0400] "GET /crm/api/v1/Stream?after=2018-10-17+17%3A18%3A30&maxSize=&offset=0&sortBy=number&asc=false HTTP/1.1" 200 22 "http://www.superyachtmediagroup.com/crm/" "Mozilla/5.0 (Macintosh; Intel Mac OS X 10.13; rv:62.0) Gecko/20100101 Firefox/62.0"
77.231.237.201 - - [22/Oct/2018:11:03:03 -0400] "GET /crm/api/v1/Activities/action/popupNotifications HTTP/1.1" 200 2 "http://www.superyachtmediagroup.com/crm/" "Mozilla/5.0 (Macintosh; Intel Mac OS X 10.13; rv:62.0) Gecko/20100101 Firefox/62.0"
77.231.237.201 - - [22/Oct/2018:11:03:04 -0400] "GET /crm/api/v1/Activities/action/listUpcoming?entityTypeList%5B%5D=Meeting&entityTypeList%5B%5D=Call&entityTypeList%5B%5D=Task&futureDays=3&maxSize=10&offset=0&sortBy=id&asc=false HTTP/1.1" 200 23 "http://www.superyachtmediagroup.com/crm/" "Mozilla/5.0 (Macintosh; Intel Mac OS X 10.13; rv:62.0) Gecko/20100101 Firefox/62.0"
77.231.237.201 - - [22/Oct/2018:11:03:05 -0400] "GET /crm/api/v1/Notification/action/notReadCount HTTP/1.1" 200 - "http://www.superyachtmediagroup.com/crm/" "Mozilla/5.0 (Macintosh; Intel Mac OS X 10.13; rv:62.0) Gecko/20100101 Firefox/62.0"
77.231.237.201 - - [22/Oct/2018:11:03:15 -0400] "GET /crm/api/v1/Notification/action/notReadCount HTTP/1.1" 200 - "http://www.superyachtmediagroup.com/crm/" "Mozilla/5.0 (Macintosh; Intel Mac OS X 10.13; rv:62.0) Gecko/20100101 Firefox/62.0"
77.231.237.201 - - [22/Oct/2018:11:03:18 -0400] "GET /crm/api/v1/Activities/action/popupNotifications HTTP/1.1" 200 2 "http://www.superyachtmediagroup.com/crm/" "Mozilla/5.0 (Macintosh; Intel Mac OS X 10.13; rv:62.0) Gecko/20100101 Firefox/62.0"
77.231.237.201 - - [22/Oct/2018:11:03:25 -0400] "GET /crm/api/v1/Notification/action/notReadCount HTTP/1.1" 200 - "http://www.superyachtmediagroup.com/crm/" "Mozilla/5.0 (Macintosh; Intel Mac OS X 10.13; rv:62.0) Gecko/20100101 Firefox/62.0"
77.231.237.201 - - [22/Oct/2018:11:03:31 -0400] "GET /crm/api/v1/Stream?after=2018-10-17+17%3A18%3A30&maxSize=&offset=0&sortBy=number&asc=false HTTP/1.1" 200 22 "http://www.superyachtmediagroup.com/crm/" "Mozilla/5.0 (Macintosh; Intel Mac OS X 10.13; rv:62.0) Gecko/20100101 Firefox/62.0"
77.231.237.201 - - [22/Oct/2018:11:03:34 -0400] "GET /crm/api/v1/Activities/action/popupNotifications HTTP/1.1" 200 2 "http://www.superyachtmediagroup.com/crm/" "Mozilla/5.0 (Macintosh; Intel Mac OS X 10.13; rv:62.0) Gecko/20100101 Firefox/62.0"
77.231.237.201 - - [22/Oct/2018:11:03:35 -0400] "GET /crm/api/v1/Activities/action/listUpcoming?entityTypeList%5B%5D=Meeting&entityTypeList%5B%5D=Call&entityTypeList%5B%5D=Task&futureDays=3&maxSize=10&offset=0&sortBy=id&asc=false HTTP/1.1" 200 23 "http://www.superyachtmediagroup.com/crm/" "Mozilla/5.0 (Macintosh; Intel Mac OS X 10.13; rv:62.0) Gecko/20100101 Firefox/62.0"
77.231.237.201 - - [22/Oct/2018:11:03:36 -0400] "GET /crm/api/v1/Notification/action/notReadCount HTTP/1.1" 200 - "http://www.superyachtmediagroup.com/crm/" "Mozilla/5.0 (Macintosh; Intel Mac OS X 10.13; rv:62.0) Gecko/20100101 Firefox/62.0"
77.231.237.201 - - [22/Oct/2018:11:03:46 -0400] "GET /crm/api/v1/Notification/action/notReadCount HTTP/1.1" 200 - "http://www.superyachtmediagroup.com/crm/" "Mozilla/5.0 (Macintosh; Intel Mac OS X 10.13; rv:62.0) Gecko/20100101 Firefox/62.0"
77.231.237.201 - - [22/Oct/2018:11:03:50 -0400] "GET /crm/api/v1/Activities/action/popupNotifications HTTP/1.1" 200 2 "http://www.superyachtmediagroup.com/crm/" "Mozilla/5.0 (Macintosh; Intel Mac OS X 10.13; rv:62.0) Gecko/20100101 Firefox/62.0"
77.231.237.201 - - [22/Oct/2018:11:03:56 -0400] "GET /crm/api/v1/Notification/action/notReadCount HTTP/1.1" 200 - "http://www.superyachtmediagroup.com/crm/" "Mozilla/5.0 (Macintosh; Intel Mac OS X 10.13; rv:62.0) Gecko/20100101 Firefox/62.0"
77.231.237.201 - - [22/Oct/2018:11:04:01 -0400] "GET /crm/api/v1/Stream?after=2018-10-17+17%3A18%3A30&maxSize=&offset=0&sortBy=number&asc=false HTTP/1.1" 200 22 "http://www.superyachtmediagroup.com/crm/" "Mozilla/5.0 (Macintosh; Intel Mac OS X 10.13; rv:62.0) Gecko/20100101 Firefox/62.0"
77.231.237.201 - - [22/Oct/2018:11:04:05 -0400] "GET /crm/api/v1/Activities/action/listUpcoming?entityTypeList%5B%5D=Meeting&entityTypeList%5B%5D=Call&entityTypeList%5B%5D=Task&futureDays=3&maxSize=10&offset=0&sortBy=id&asc=false HTTP/1.1" 200 23 "http://www.superyachtmediagroup.com/crm/" "Mozilla/5.0 (Macintosh; Intel Mac OS X 10.13; rv:62.0) Gecko/20100101 Firefox/62.0"
77.231.237.201 - - [22/Oct/2018:11:04:06 -0400] "GET /crm/api/v1/Activities/action/popupNotifications HTTP/1.1" 200 2 "http://www.superyachtmediagroup.com/crm/" "Mozilla/5.0 (Macintosh; Intel Mac OS X 10.13; rv:62.0) Gecko/20100101 Firefox/62.0"
77.231.237.201 - - [22/Oct/2018:11:04:07 -0400] "GET /crm/api/v1/Notification/action/notReadCount HTTP/1.1" 200 - "http://www.superyachtmediagroup.com/crm/" "Mozilla/5.0 (Macintosh; Intel Mac OS X 10.13; rv:62.0) Gecko/20100101 Firefox/62.0"
77.231.237.201 - - [22/Oct/2018:11:04:17 -0400] "GET /crm/api/v1/Notification/action/notReadCount HTTP/1.1" 200 - "http://www.superyachtmediagroup.com/crm/" "Mozilla/5.0 (Macintosh; Intel Mac OS X 10.13; rv:62.0) Gecko/20100101 Firefox/62.0"
77.231.237.201 - - [22/Oct/2018:11:04:21 -0400] "GET /crm/api/v1/Activities/action/popupNotifications HTTP/1.1" 200 2 "http://www.superyachtmediagroup.com/crm/" "Mozilla/5.0 (Macintosh; Intel Mac OS X 10.13; rv:62.0) Gecko/20100101 Firefox/62.0"
77.231.237.201 - - [22/Oct/2018:11:04:27 -0400] "GET /crm/api/v1/Notification/action/notReadCount HTTP/1.1" 200 - "http://www.superyachtmediagroup.com/crm/" "Mozilla/5.0 (Macintosh; Intel Mac OS X 10.13; rv:62.0) Gecko/20100101 Firefox/62.0"
77.231.237.201 - - [22/Oct/2018:11:04:31 -0400] "GET /crm/api/v1/Stream?after=2018-10-17+17%3A18%3A30&maxSize=&offset=0&sortBy=number&asc=false HTTP/1.1" 200 22 "http://www.superyachtmediagroup.com/crm/" "Mozilla/5.0 (Macintosh; Intel Mac OS X 10.13; rv:62.0) Gecko/20100101 Firefox/62.0"
77.231.237.201 - - [22/Oct/2018:11:04:35 -0400] "GET /crm/api/v1/Activities/action/listUpcoming?entityTypeList%5B%5D=Meeting&entityTypeList%5B%5D=Call&entityTypeList%5B%5D=Task&futureDays=3&maxSize=10&offset=0&sortBy=id&asc=false HTTP/1.1" 200 23 "http://www.superyachtmediagroup.com/crm/" "Mozilla/5.0 (Macintosh; Intel Mac OS X 10.13; rv:62.0) Gecko/20100101 Firefox/62.0"
77.231.237.201 - - [22/Oct/2018:11:04:37 -0400] "GET /crm/api/v1/Activities/action/popupNotifications HTTP/1.1" 200 2 "http://www.superyachtmediagroup.com/crm/" "Mozilla/5.0 (Macintosh; Intel Mac OS X 10.13; rv:62.0) Gecko/20100101 Firefox/62.0"
77.231.237.201 - - [22/Oct/2018:11:04:37 -0400] "GET /crm/api/v1/Notification/action/notReadCount HTTP/1.1" 200 - "http://www.superyachtmediagroup.com/crm/" "Mozilla/5.0 (Macintosh; Intel Mac OS X 10.13; rv:62.0) Gecko/20100101 Firefox/62.0"
77.231.237.201 - - [22/Oct/2018:11:04:47 -0400] "GET /crm/api/v1/Notification/action/notReadCount HTTP/1.1" 200 - "http://www.superyachtmediagroup.com/crm/" "Mozilla/5.0 (Macintosh; Intel Mac OS X 10.13; rv:62.0) Gecko/20100101 Firefox/62.0"
77.231.237.201 - - [22/Oct/2018:11:04:52 -0400] "GET /crm/api/v1/Activities/action/popupNotifications HTTP/1.1" 200 2 "http://www.superyachtmediagroup.com/crm/" "Mozilla/5.0 (Macintosh; Intel Mac OS X 10.13; rv:62.0) Gecko/20100101 Firefox/62.0"
77.231.237.201 - - [22/Oct/2018:11:04:57 -0400] "GET /crm/api/v1/Notification/action/notReadCount HTTP/1.1" 200 - "http://www.superyachtmediagroup.com/crm/" "Mozilla/5.0 (Macintosh; Intel Mac OS X 10.13; rv:62.0) Gecko/20100101 Firefox/62.0"
77.231.237.201 - - [22/Oct/2018:11:05:02 -0400] "GET /crm/api/v1/Stream?after=2018-10-17+17%3A18%3A30&maxSize=&offset=0&sortBy=number&asc=false HTTP/1.1" 200 22 "http://www.superyachtmediagroup.com/crm/" "Mozilla/5.0 (Macintosh; Intel Mac OS X 10.13; rv:62.0) Gecko/20100101 Firefox/62.0"
77.231.237.201 - - [22/Oct/2018:11:05:05 -0400] "GET /crm/api/v1/Activities/action/listUpcoming?entityTypeList%5B%5D=Meeting&entityTypeList%5B%5D=Call&entityTypeList%5B%5D=Task&futureDays=3&maxSize=10&offset=0&sortBy=id&asc=false HTTP/1.1" 200 23 "http://www.superyachtmediagroup.com/crm/" "Mozilla/5.0 (Macintosh; Intel Mac OS X 10.13; rv:62.0) Gecko/20100101 Firefox/62.0"
77.231.237.201 - - [22/Oct/2018:11:05:07 -0400] "GET /crm/api/v1/Notification/action/notReadCount HTTP/1.1" 200 - "http://www.superyachtmediagroup.com/crm/" "Mozilla/5.0 (Macintosh; Intel Mac OS X 10.13; rv:62.0) Gecko/20100101 Firefox/62.0"
77.231.237.201 - - [22/Oct/2018:11:05:08 -0400] "GET /crm/api/v1/Activities/action/popupNotifications HTTP/1.1" 200 2 "http://www.superyachtmediagroup.com/crm/" "Mozilla/5.0 (Macintosh; Intel Mac OS X 10.13; rv:62.0) Gecko/20100101 Firefox/62.0"
77.231.237.201 - - [22/Oct/2018:11:05:17 -0400] "GET /crm/api/v1/Notification/action/notReadCount HTTP/1.1" 200 - "http://www.superyachtmediagroup.com/crm/" "Mozilla/5.0 (Macintosh; Intel Mac OS X 10.13; rv:62.0) Gecko/20100101 Firefox/62.0"
77.231.237.201 - - [22/Oct/2018:11:05:24 -0400] "GET /crm/api/v1/Activities/action/popupNotifications HTTP/1.1" 200 2 "http://www.superyachtmediagroup.com/crm/" "Mozilla/5.0 (Macintosh; Intel Mac OS X 10.13; rv:62.0) Gecko/20100101 Firefox/62.0"
137.226.113.27 - - [22/Oct/2018:11:05:26 -0400] "GET / HTTP/1.1" 200 3910 "-" "Mozilla/5.0 zgrab/0.x (compatible; Researchscan/t12sns; +http://researchscan.comsys.rwth-aachen.de)"
77.231.237.201 - - [22/Oct/2018:11:05:27 -0400] "GET /crm/api/v1/Notification/action/notReadCount HTTP/1.1" 200 - "http://www.superyachtmediagroup.com/crm/" "Mozilla/5.0 (Macintosh; Intel Mac OS X 10.13; rv:62.0) Gecko/20100101 Firefox/62.0"
77.231.237.201 - - [22/Oct/2018:11:05:32 -0400] "GET /crm/api/v1/Stream?after=2018-10-17+17%3A18%3A30&maxSize=&offset=0&sortBy=number&asc=false HTTP/1.1" 200 22 "http://www.superyachtmediagroup.com/crm/" "Mozilla/5.0 (Macintosh; Intel Mac OS X 10.13; rv:62.0) Gecko/20100101 Firefox/62.0"
77.231.237.201 - - [22/Oct/2018:11:05:35 -0400] "GET /crm/api/v1/Activities/action/listUpcoming?entityTypeList%5B%5D=Meeting&entityTypeList%5B%5D=Call&entityTypeList%5B%5D=Task&futureDays=3&maxSize=10&offset=0&sortBy=id&asc=false HTTP/1.1" 200 23 "http://www.superyachtmediagroup.com/crm/" "Mozilla/5.0 (Macintosh; Intel Mac OS X 10.13; rv:62.0) Gecko/20100101 Firefox/62.0"
77.231.237.201 - - [22/Oct/2018:11:05:37 -0400] "GET /crm/api/v1/Notification/action/notReadCount HTTP/1.1" 200 - "http://www.superyachtmediagroup.com/crm/" "Mozilla/5.0 (Macintosh; Intel Mac OS X 10.13; rv:62.0) Gecko/20100101 Firefox/62.0"
77.231.237.201 - - [22/Oct/2018:11:05:39 -0400] "GET /crm/api/v1/Activities/action/popupNotifications HTTP/1.1" 200 2 "http://www.superyachtmediagroup.com/crm/" "Mozilla/5.0 (Macintosh; Intel Mac OS X 10.13; rv:62.0) Gecko/20100101 Firefox/62.0"
77.231.237.201 - - [22/Oct/2018:11:05:47 -0400] "GET /crm/api/v1/Notification/action/notReadCount HTTP/1.1" 200 - "http://www.superyachtmediagroup.com/crm/" "Mozilla/5.0 (Macintosh; Intel Mac OS X 10.13; rv:62.0) Gecko/20100101 Firefox/62.0"
77.231.237.201 - - [22/Oct/2018:11:05:55 -0400] "GET /crm/api/v1/Activities/action/popupNotifications HTTP/1.1" 200 2 "http://www.superyachtmediagroup.com/crm/" "Mozilla/5.0 (Macintosh; Intel Mac OS X 10.13; rv:62.0) Gecko/20100101 Firefox/62.0"
123.30.175.196 - - [22/Oct/2018:11:05:57 -0400] "GET /robots.txt HTTP/1.1" 404 - "-" "Mozilla/5.0 (compatible; coccocbot-image/1.0; +http://help.coccoc.com/searchengine)"
77.231.237.201 - - [22/Oct/2018:11:05:57 -0400] "GET /crm/api/v1/Notification/action/notReadCount HTTP/1.1" 200 - "http://www.superyachtmediagroup.com/crm/" "Mozilla/5.0 (Macintosh; Intel Mac OS X 10.13; rv:62.0) Gecko/20100101 Firefox/62.0"
123.30.175.197 - - [22/Oct/2018:11:05:59 -0400] "GET /assets/images/radomes-1920-1400x1050-30.jpg HTTP/1.1" 200 137591 "-" "Mozilla/5.0 (compatible; coccocbot-image/1.0; +http://help.coccoc.com/searchengine)"
77.231.237.201 - - [22/Oct/2018:11:06:02 -0400] "GET /crm/api/v1/Stream?after=2018-10-17+17%3A18%3A30&maxSize=&offset=0&sortBy=number&asc=false HTTP/1.1" 200 22 "http://www.superyachtmediagroup.com/crm/" "Mozilla/5.0 (Macintosh; Intel Mac OS X 10.13; rv:62.0) Gecko/20100101 Firefox/62.0"
77.231.237.201 - - [22/Oct/2018:11:06:05 -0400] "GET /crm/api/v1/Activities/action/listUpcoming?entityTypeList%5B%5D=Meeting&entityTypeList%5B%5D=Call&entityTypeList%5B%5D=Task&futureDays=3&maxSize=10&offset=0&sortBy=id&asc=false HTTP/1.1" 200 23 "http://www.superyachtmediagroup.com/crm/" "Mozilla/5.0 (Macintosh; Intel Mac OS X 10.13; rv:62.0) Gecko/20100101 Firefox/62.0"
77.231.237.201 - - [22/Oct/2018:11:06:07 -0400] "GET /crm/api/v1/Notification/action/notReadCount HTTP/1.1" 200 - "http://www.superyachtmediagroup.com/crm/" "Mozilla/5.0 (Macintosh; Intel Mac OS X 10.13; rv:62.0) Gecko/20100101 Firefox/62.0"
77.231.237.201 - - [22/Oct/2018:11:06:11 -0400] "GET /crm/api/v1/Activities/action/popupNotifications HTTP/1.1" 200 2 "http://www.superyachtmediagroup.com/crm/" "Mozilla/5.0 (Macintosh; Intel Mac OS X 10.13; rv:62.0) Gecko/20100101 Firefox/62.0"
77.231.237.201 - - [22/Oct/2018:11:06:17 -0400] "GET /crm/api/v1/Notification/action/notReadCount HTTP/1.1" 200 - "http://www.superyachtmediagroup.com/crm/" "Mozilla/5.0 (Macintosh; Intel Mac OS X 10.13; rv:62.0) Gecko/20100101 Firefox/62.0"
77.231.237.201 - - [22/Oct/2018:11:06:26 -0400] "GET /crm/api/v1/Activities/action/popupNotifications HTTP/1.1" 200 2 "http://www.superyachtmediagroup.com/crm/" "Mozilla/5.0 (Macintosh; Intel Mac OS X 10.13; rv:62.0) Gecko/20100101 Firefox/62.0"
77.231.237.201 - - [22/Oct/2018:11:06:27 -0400] "GET /crm/api/v1/Notification/action/notReadCount HTTP/1.1" 200 - "http://www.superyachtmediagroup.com/crm/" "Mozilla/5.0 (Macintosh; Intel Mac OS X 10.13; rv:62.0) Gecko/20100101 Firefox/62.0"
77.231.237.201 - - [22/Oct/2018:11:06:32 -0400] "GET /crm/api/v1/Stream?after=2018-10-17+17%3A18%3A30&maxSize=&offset=0&sortBy=number&asc=false HTTP/1.1" 200 22 "http://www.superyachtmediagroup.com/crm/" "Mozilla/5.0 (Macintosh; Intel Mac OS X 10.13; rv:62.0) Gecko/20100101 Firefox/62.0"
77.231.237.201 - - [22/Oct/2018:11:06:35 -0400] "GET /crm/api/v1/Activities/action/listUpcoming?entityTypeList%5B%5D=Meeting&entityTypeList%5B%5D=Call&entityTypeList%5B%5D=Task&futureDays=3&maxSize=10&offset=0&sortBy=id&asc=false HTTP/1.1" 200 23 "http://www.superyachtmediagroup.com/crm/" "Mozilla/5.0 (Macintosh; Intel Mac OS X 10.13; rv:62.0) Gecko/20100101 Firefox/62.0"
77.231.237.201 - - [22/Oct/2018:11:06:37 -0400] "GET /crm/api/v1/Notification/action/notReadCount HTTP/1.1" 200 - "http://www.superyachtmediagroup.com/crm/" "Mozilla/5.0 (Macintosh; Intel Mac OS X 10.13; rv:62.0) Gecko/20100101 Firefox/62.0"
178.137.165.225 - - [22/Oct/2018:11:06:41 -0400] "GET / HTTP/1.1" 200 22860 "https://nakozhe.com/" "Mozilla/4.0 (compatible; MSIE 6.0; Windows NT 5.2; Win64; AMD64)"
77.231.237.201 - - [22/Oct/2018:11:06:42 -0400] "GET /crm/api/v1/Activities/action/popupNotifications HTTP/1.1" 200 2 "http://www.superyachtmediagroup.com/crm/" "Mozilla/5.0 (Macintosh; Intel Mac OS X 10.13; rv:62.0) Gecko/20100101 Firefox/62.0"
77.231.237.201 - - [22/Oct/2018:11:06:47 -0400] "GET /crm/api/v1/Notification/action/notReadCount HTTP/1.1" 200 - "http://www.superyachtmediagroup.com/crm/" "Mozilla/5.0 (Macintosh; Intel Mac OS X 10.13; rv:62.0) Gecko/20100101 Firefox/62.0"
77.231.237.201 - - [22/Oct/2018:11:06:57 -0400] "GET /crm/api/v1/Activities/action/popupNotifications HTTP/1.1" 200 2 "http://www.superyachtmediagroup.com/crm/" "Mozilla/5.0 (Macintosh; Intel Mac OS X 10.13; rv:62.0) Gecko/20100101 Firefox/62.0"
77.231.237.201 - - [22/Oct/2018:11:06:58 -0400] "GET /crm/api/v1/Notification/action/notReadCount HTTP/1.1" 200 - "http://www.superyachtmediagroup.com/crm/" "Mozilla/5.0 (Macintosh; Intel Mac OS X 10.13; rv:62.0) Gecko/20100101 Firefox/62.0"
77.231.237.201 - - [22/Oct/2018:11:07:03 -0400] "GET /crm/api/v1/Stream?after=2018-10-17+17%3A18%3A30&maxSize=&offset=0&sortBy=number&asc=false HTTP/1.1" 200 22 "http://www.superyachtmediagroup.com/crm/" "Mozilla/5.0 (Macintosh; Intel Mac OS X 10.13; rv:62.0) Gecko/20100101 Firefox/62.0"
77.231.237.201 - - [22/Oct/2018:11:07:05 -0400] "GET /crm/api/v1/Activities/action/listUpcoming?entityTypeList%5B%5D=Meeting&entityTypeList%5B%5D=Call&entityTypeList%5B%5D=Task&futureDays=3&maxSize=10&offset=0&sortBy=id&asc=false HTTP/1.1" 200 23 "http://www.superyachtmediagroup.com/crm/" "Mozilla/5.0 (Macintosh; Intel Mac OS X 10.13; rv:62.0) Gecko/20100101 Firefox/62.0"
77.231.237.201 - - [22/Oct/2018:11:07:08 -0400] "GET /crm/api/v1/Notification/action/notReadCount HTTP/1.1" 200 - "http://www.superyachtmediagroup.com/crm/" "Mozilla/5.0 (Macintosh; Intel Mac OS X 10.13; rv:62.0) Gecko/20100101 Firefox/62.0"
77.231.237.201 - - [22/Oct/2018:11:07:13 -0400] "GET /crm/api/v1/Activities/action/popupNotifications HTTP/1.1" 200 2 "http://www.superyachtmediagroup.com/crm/" "Mozilla/5.0 (Macintosh; Intel Mac OS X 10.13; rv:62.0) Gecko/20100101 Firefox/62.0"
77.231.237.201 - - [22/Oct/2018:11:07:18 -0400] "GET /crm/api/v1/Notification/action/notReadCount HTTP/1.1" 200 - "http://www.superyachtmediagroup.com/crm/" "Mozilla/5.0 (Macintosh; Intel Mac OS X 10.13; rv:62.0) Gecko/20100101 Firefox/62.0"
77.231.237.201 - - [22/Oct/2018:11:07:28 -0400] "GET /crm/api/v1/Activities/action/popupNotifications HTTP/1.1" 200 2 "http://www.superyachtmediagroup.com/crm/" "Mozilla/5.0 (Macintosh; Intel Mac OS X 10.13; rv:62.0) Gecko/20100101 Firefox/62.0"
77.231.237.201 - - [22/Oct/2018:11:07:29 -0400] "GET /crm/api/v1/Notification/action/notReadCount HTTP/1.1" 200 - "http://www.superyachtmediagroup.com/crm/" "Mozilla/5.0 (Macintosh; Intel Mac OS X 10.13; rv:62.0) Gecko/20100101 Firefox/62.0"
77.231.237.201 - - [22/Oct/2018:11:07:34 -0400] "GET /crm/api/v1/Stream?after=2018-10-17+17%3A18%3A30&maxSize=&offset=0&sortBy=number&asc=false HTTP/1.1" 200 22 "http://www.superyachtmediagroup.com/crm/" "Mozilla/5.0 (Macintosh; Intel Mac OS X 10.13; rv:62.0) Gecko/20100101 Firefox/62.0"
77.231.237.201 - - [22/Oct/2018:11:07:35 -0400] "GET /crm/api/v1/Activities/action/listUpcoming?entityTypeList%5B%5D=Meeting&entityTypeList%5B%5D=Call&entityTypeList%5B%5D=Task&futureDays=3&maxSize=10&offset=0&sortBy=id&asc=false HTTP/1.1" 200 23 "http://www.superyachtmediagroup.com/crm/" "Mozilla/5.0 (Macintosh; Intel Mac OS X 10.13; rv:62.0) Gecko/20100101 Firefox/62.0"
77.231.237.201 - - [22/Oct/2018:11:07:39 -0400] "GET /crm/api/v1/Notification/action/notReadCount HTTP/1.1" 200 - "http://www.superyachtmediagroup.com/crm/" "Mozilla/5.0 (Macintosh; Intel Mac OS X 10.13; rv:62.0) Gecko/20100101 Firefox/62.0"
84.233.154.84 - - [22/Oct/2018:11:07:41 -0400] "GET / HTTP/1.1" 200 22860 "-" "Mozilla/5.0 (Windows NT 10.0; Win64; x64; rv:62.0) Gecko/20100101 Firefox/62.0"
84.233.154.84 - - [22/Oct/2018:11:07:41 -0400] "GET /assets/tether/tether.min.css HTTP/1.1" 200 237 "http://www.superyachtradio.com/" "Mozilla/5.0 (Windows NT 10.0; Win64; x64; rv:62.0) Gecko/20100101 Firefox/62.0"
84.233.154.84 - - [22/Oct/2018:11:07:41 -0400] "GET /assets/dropdown/css/style.css HTTP/1.1" 200 8448 "http://www.superyachtradio.com/" "Mozilla/5.0 (Windows NT 10.0; Win64; x64; rv:62.0) Gecko/20100101 Firefox/62.0"
84.233.154.84 - - [22/Oct/2018:11:07:41 -0400] "GET /assets/animate.css/animate.min.css HTTP/1.1" 200 52789 "http://www.superyachtradio.com/" "Mozilla/5.0 (Windows NT 10.0; Win64; x64; rv:62.0) Gecko/20100101 Firefox/62.0"
84.233.154.84 - - [22/Oct/2018:11:07:41 -0400] "GET /assets/soundcloud-plugin/style.css HTTP/1.1" 200 1343 "http://www.superyachtradio.com/" "Mozilla/5.0 (Windows NT 10.0; Win64; x64; rv:62.0) Gecko/20100101 Firefox/62.0"
84.233.154.84 - - [22/Oct/2018:11:07:41 -0400] "GET /assets/bootstrap/css/bootstrap.min.css HTTP/1.1" 200 87475 "http://www.superyachtradio.com/" "Mozilla/5.0 (Windows NT 10.0; Win64; x64; rv:62.0) Gecko/20100101 Firefox/62.0"
84.233.154.84 - - [22/Oct/2018:11:07:41 -0400] "GET /assets/socicon/css/styles.css HTTP/1.1" 200 9144 "http://www.superyachtradio.com/" "Mozilla/5.0 (Windows NT 10.0; Win64; x64; rv:62.0) Gecko/20100101 Firefox/62.0"
84.233.154.84 - - [22/Oct/2018:11:07:41 -0400] "GET /assets/social-feed-plugin/jquery.socialfeed.css HTTP/1.1" 200 2759 "http://www.superyachtradio.com/" "Mozilla/5.0 (Windows NT 10.0; Win64; x64; rv:62.0) Gecko/20100101 Firefox/62.0"
84.233.154.84 - - [22/Oct/2018:11:07:41 -0400] "GET /assets/social-feed-plugin/style.css HTTP/1.1" 200 690 "http://www.superyachtradio.com/" "Mozilla/5.0 (Windows NT 10.0; Win64; x64; rv:62.0) Gecko/20100101 Firefox/62.0"
84.233.154.84 - - [22/Oct/2018:11:07:41 -0400] "GET /assets/theme/css/style.css HTTP/1.1" 200 54296 "http://www.superyachtradio.com/" "Mozilla/5.0 (Windows NT 10.0; Win64; x64; rv:62.0) Gecko/20100101 Firefox/62.0"
84.233.154.84 - - [22/Oct/2018:11:07:41 -0400] "GET /assets/mobirise/css/mbr-additional.css HTTP/1.1" 200 35452 "http://www.superyachtradio.com/" "Mozilla/5.0 (Windows NT 10.0; Win64; x64; rv:62.0) Gecko/20100101 Firefox/62.0"
84.233.154.84 - - [22/Oct/2018:11:07:41 -0400] "GET /assets/mobirise3-blocks-plugin/css/style.css HTTP/1.1" 200 151351 "http://www.superyachtradio.com/" "Mozilla/5.0 (Windows NT 10.0; Win64; x64; rv:62.0) Gecko/20100101 Firefox/62.0"
84.233.154.84 - - [22/Oct/2018:11:07:42 -0400] "GET /assets/images/loading0.svg HTTP/1.1" 200 2552 "http://www.superyachtradio.com/" "Mozilla/5.0 (Windows NT 10.0; Win64; x64; rv:62.0) Gecko/20100101 Firefox/62.0"
84.233.154.84 - - [22/Oct/2018:11:07:42 -0400] "GET /assets/images/sr-strap.png HTTP/1.1" 200 141694 "http://www.superyachtradio.com/" "Mozilla/5.0 (Windows NT 10.0; Win64; x64; rv:62.0) Gecko/20100101 Firefox/62.0"
84.233.154.84 - - [22/Oct/2018:11:07:42 -0400] "GET /assets/images/sgae-transparent-small.png HTTP/1.1" 200 7049 "http://www.superyachtradio.com/" "Mozilla/5.0 (Windows NT 10.0; Win64; x64; rv:62.0) Gecko/20100101 Firefox/62.0"
84.233.154.84 - - [22/Oct/2018:11:07:42 -0400] "GET /assets/images/mic-logo-128x128-128x128.png HTTP/1.1" 200 22773 "http://www.superyachtradio.com/" "Mozilla/5.0 (Windows NT 10.0; Win64; x64; rv:62.0) Gecko/20100101 Firefox/62.0"
84.233.154.84 - - [22/Oct/2018:11:07:42 -0400] "GET /assets/images/mic-logo-android-icon-512x512-1400x1400.png HTTP/1.1" 200 394908 "http://www.superyachtradio.com/" "Mozilla/5.0 (Windows NT 10.0; Win64; x64; rv:62.0) Gecko/20100101 Firefox/62.0"
84.233.154.84 - - [22/Oct/2018:11:07:42 -0400] "GET /assets/images/sunrise-1949976-1920-1920x1279.jpg HTTP/1.1" 200 190078 "http://www.superyachtradio.com/" "Mozilla/5.0 (Windows NT 10.0; Win64; x64; rv:62.0) Gecko/20100101 Firefox/62.0"
84.233.154.84 - - [22/Oct/2018:11:07:42 -0400] "GET /assets/images/mbr-3-2000x1333.jpg HTTP/1.1" 200 124966 "http://www.superyachtradio.com/" "Mozilla/5.0 (Windows NT 10.0; Win64; x64; rv:62.0) Gecko/20100101 Firefox/62.0"
84.233.154.84 - - [22/Oct/2018:11:07:42 -0400] "GET /assets/images/mbr-2-2000x1333.jpg HTTP/1.1" 200 156310 "http://www.superyachtradio.com/" "Mozilla/5.0 (Windows NT 10.0; Win64; x64; rv:62.0) Gecko/20100101 Firefox/62.0"
84.233.154.84 - - [22/Oct/2018:11:07:42 -0400] "GET /assets/images/crew-on-dock-back-72malcorps-2000x1333.jpg HTTP/1.1" 200 296098 "http://www.superyachtradio.com/" "Mozilla/5.0 (Windows NT 10.0; Win64; x64; rv:62.0) Gecko/20100101 Firefox/62.0"
84.233.154.84 - - [22/Oct/2018:11:07:43 -0400] "GET /assets/images/radomes-blur-2000x1250.png HTTP/1.1" 200 1680484 "http://www.superyachtradio.com/" "Mozilla/5.0 (Windows NT 10.0; Win64; x64; rv:62.0) Gecko/20100101 Firefox/62.0"
77.231.237.201 - - [22/Oct/2018:11:07:44 -0400] "GET /crm/api/v1/Activities/action/popupNotifications HTTP/1.1" 200 2 "http://www.superyachtmediagroup.com/crm/" "Mozilla/5.0 (Macintosh; Intel Mac OS X 10.13; rv:62.0) Gecko/20100101 Firefox/62.0"
77.231.237.201 - - [22/Oct/2018:11:07:49 -0400] "GET /crm/api/v1/Notification/action/notReadCount HTTP/1.1" 200 - "http://www.superyachtmediagroup.com/crm/" "Mozilla/5.0 (Macintosh; Intel Mac OS X 10.13; rv:62.0) Gecko/20100101 Firefox/62.0"
84.233.154.84 - - [22/Oct/2018:11:07:49 -0400] "GET /assets/images/gld-mic-porthole-128x128.png HTTP/1.1" 200 19273 "-" "Mozilla/5.0 (Windows NT 10.0; Win64; x64; rv:62.0) Gecko/20100101 Firefox/62.0"
84.233.154.84 - - [22/Oct/2018:11:07:50 -0400] "GET / HTTP/1.1" 200 22860 "-" "Mozilla/5.0 (Windows NT 10.0; Win64; x64; rv:62.0) Gecko/20100101 Firefox/62.0"
84.233.154.84 - - [22/Oct/2018:11:07:50 -0400] "GET /js/nativeflashradiov4.js HTTP/1.1" 200 68195 "http://www.superyachtradio.com/" "Mozilla/5.0 (Windows NT 10.0; Win64; x64; rv:62.0) Gecko/20100101 Firefox/62.0"
84.233.154.84 - - [22/Oct/2018:11:07:50 -0400] "GET /assets/web/assets/jquery/jquery.min.js HTTP/1.1" 200 95931 "http://www.superyachtradio.com/" "Mozilla/5.0 (Windows NT 10.0; Win64; x64; rv:62.0) Gecko/20100101 Firefox/62.0"
84.233.154.84 - - [22/Oct/2018:11:07:50 -0400] "GET /assets/tether/tether.min.js HTTP/1.1" 200 23217 "http://www.superyachtradio.com/" "Mozilla/5.0 (Windows NT 10.0; Win64; x64; rv:62.0) Gecko/20100101 Firefox/62.0"
84.233.154.84 - - [22/Oct/2018:11:07:50 -0400] "GET /assets/smooth-scroll/smooth-scroll.js HTTP/1.1" 200 7436 "http://www.superyachtradio.com/" "Mozilla/5.0 (Windows NT 10.0; Win64; x64; rv:62.0) Gecko/20100101 Firefox/62.0"
84.233.154.84 - - [22/Oct/2018:11:07:50 -0400] "GET /assets/dropdown/js/script.min.js HTTP/1.1" 200 9653 "http://www.superyachtradio.com/" "Mozilla/5.0 (Windows NT 10.0; Win64; x64; rv:62.0) Gecko/20100101 Firefox/62.0"
84.233.154.84 - - [22/Oct/2018:11:07:50 -0400] "GET /assets/bootstrap/js/bootstrap.min.js HTTP/1.1" 200 44826 "http://www.superyachtradio.com/" "Mozilla/5.0 (Windows NT 10.0; Win64; x64; rv:62.0) Gecko/20100101 Firefox/62.0"
84.233.154.84 - - [22/Oct/2018:11:07:50 -0400] "GET /assets/viewport-checker/jquery.viewportchecker.js HTTP/1.1" 200 3080 "http://www.superyachtradio.com/" "Mozilla/5.0 (Windows NT 10.0; Win64; x64; rv:62.0) Gecko/20100101 Firefox/62.0"
84.233.154.84 - - [22/Oct/2018:11:07:50 -0400] "GET /assets/touch-swipe/jquery.touch-swipe.min.js HTTP/1.1" 200 20412 "http://www.superyachtradio.com/" "Mozilla/5.0 (Windows NT 10.0; Win64; x64; rv:62.0) Gecko/20100101 Firefox/62.0"
84.233.154.84 - - [22/Oct/2018:11:07:51 -0400] "GET /assets/jarallax/jarallax.js HTTP/1.1" 200 10056 "http://www.superyachtradio.com/" "Mozilla/5.0 (Windows NT 10.0; Win64; x64; rv:62.0) Gecko/20100101 Firefox/62.0"
84.233.154.84 - - [22/Oct/2018:11:07:51 -0400] "GET /assets/social-feed-plugin/codebird.min.js HTTP/1.1" 200 50611 "http://www.superyachtradio.com/" "Mozilla/5.0 (Windows NT 10.0; Win64; x64; rv:62.0) Gecko/20100101 Firefox/62.0"
84.233.154.84 - - [22/Oct/2018:11:07:51 -0400] "GET /assets/social-feed-plugin/en-gb.js HTTP/1.1" 200 1281 "http://www.superyachtradio.com/" "Mozilla/5.0 (Windows NT 10.0; Win64; x64; rv:62.0) Gecko/20100101 Firefox/62.0"
84.233.154.84 - - [22/Oct/2018:11:07:51 -0400] "GET /assets/social-feed-plugin/moment.js HTTP/1.1" 200 31885 "http://www.superyachtradio.com/" "Mozilla/5.0 (Windows NT 10.0; Win64; x64; rv:62.0) Gecko/20100101 Firefox/62.0"
84.233.154.84 - - [22/Oct/2018:11:07:51 -0400] "GET /assets/social-feed-plugin/doT.js HTTP/1.1" 200 3319 "http://www.superyachtradio.com/" "Mozilla/5.0 (Windows NT 10.0; Win64; x64; rv:62.0) Gecko/20100101 Firefox/62.0"
84.233.154.84 - - [22/Oct/2018:11:07:51 -0400] "GET /assets/social-feed-plugin/main.js HTTP/1.1" 200 2495 "http://www.superyachtradio.com/" "Mozilla/5.0 (Windows NT 10.0; Win64; x64; rv:62.0) Gecko/20100101 Firefox/62.0"
84.233.154.84 - - [22/Oct/2018:11:07:51 -0400] "GET /assets/social-feed-plugin/jquery.socialfeed.js HTTP/1.1" 200 15109 "http://www.superyachtradio.com/" "Mozilla/5.0 (Windows NT 10.0; Win64; x64; rv:62.0) Gecko/20100101 Firefox/62.0"
84.233.154.84 - - [22/Oct/2018:11:07:51 -0400] "GET /assets/theme/js/script.js HTTP/1.1" 200 8354 "http://www.superyachtradio.com/" "Mozilla/5.0 (Windows NT 10.0; Win64; x64; rv:62.0) Gecko/20100101 Firefox/62.0"
84.233.154.84 - - [22/Oct/2018:11:07:51 -0400] "GET /assets/formoid/formoid.min.js HTTP/1.1" 200 3010 "http://www.superyachtradio.com/" "Mozilla/5.0 (Windows NT 10.0; Win64; x64; rv:62.0) Gecko/20100101 Firefox/62.0"
84.233.154.84 - - [22/Oct/2018:11:07:51 -0400] "GET /assets/mobirise3-blocks-plugin/js/script.js HTTP/1.1" 200 17198 "http://www.superyachtradio.com/" "Mozilla/5.0 (Windows NT 10.0; Win64; x64; rv:62.0) Gecko/20100101 Firefox/62.0"
84.233.154.84 - - [22/Oct/2018:11:07:51 -0400] "GET /assets/images/loading0.svg HTTP/1.1" 304 - "http://www.superyachtradio.com/" "Mozilla/5.0 (Windows NT 10.0; Win64; x64; rv:62.0) Gecko/20100101 Firefox/62.0"
77.231.237.201 - - [22/Oct/2018:11:07:59 -0400] "GET /crm/api/v1/Notification/action/notReadCount HTTP/1.1" 200 - "http://www.superyachtmediagroup.com/crm/" "Mozilla/5.0 (Macintosh; Intel Mac OS X 10.13; rv:62.0) Gecko/20100101 Firefox/62.0"
77.231.237.201 - - [22/Oct/2018:11:08:00 -0400] "GET /crm/api/v1/Activities/action/popupNotifications HTTP/1.1" 200 2 "http://www.superyachtmediagroup.com/crm/" "Mozilla/5.0 (Macintosh; Intel Mac OS X 10.13; rv:62.0) Gecko/20100101 Firefox/62.0"
77.231.237.201 - - [22/Oct/2018:11:08:04 -0400] "GET /crm/api/v1/Stream?after=2018-10-17+17%3A18%3A30&maxSize=&offset=0&sortBy=number&asc=false HTTP/1.1" 200 22 "http://www.superyachtmediagroup.com/crm/" "Mozilla/5.0 (Macintosh; Intel Mac OS X 10.13; rv:62.0) Gecko/20100101 Firefox/62.0"
77.231.237.201 - - [22/Oct/2018:11:08:05 -0400] "GET /crm/api/v1/Activities/action/listUpcoming?entityTypeList%5B%5D=Meeting&entityTypeList%5B%5D=Call&entityTypeList%5B%5D=Task&futureDays=3&maxSize=10&offset=0&sortBy=id&asc=false HTTP/1.1" 200 23 "http://www.superyachtmediagroup.com/crm/" "Mozilla/5.0 (Macintosh; Intel Mac OS X 10.13; rv:62.0) Gecko/20100101 Firefox/62.0"
77.231.237.201 - - [22/Oct/2018:11:08:09 -0400] "GET /crm/api/v1/Notification/action/notReadCount HTTP/1.1" 200 - "http://www.superyachtmediagroup.com/crm/" "Mozilla/5.0 (Macintosh; Intel Mac OS X 10.13; rv:62.0) Gecko/20100101 Firefox/62.0"
77.231.237.201 - - [22/Oct/2018:11:08:16 -0400] "GET /crm/api/v1/Activities/action/popupNotifications HTTP/1.1" 200 2 "http://www.superyachtmediagroup.com/crm/" "Mozilla/5.0 (Macintosh; Intel Mac OS X 10.13; rv:62.0) Gecko/20100101 Firefox/62.0"
77.231.237.201 - - [22/Oct/2018:11:08:19 -0400] "GET /crm/api/v1/Notification/action/notReadCount HTTP/1.1" 200 - "http://www.superyachtmediagroup.com/crm/" "Mozilla/5.0 (Macintosh; Intel Mac OS X 10.13; rv:62.0) Gecko/20100101 Firefox/62.0"
77.231.237.201 - - [22/Oct/2018:11:08:29 -0400] "GET /crm/api/v1/Notification/action/notReadCount HTTP/1.1" 200 - "http://www.superyachtmediagroup.com/crm/" "Mozilla/5.0 (Macintosh; Intel Mac OS X 10.13; rv:62.0) Gecko/20100101 Firefox/62.0"
77.231.237.201 - - [22/Oct/2018:11:08:31 -0400] "GET /crm/api/v1/Activities/action/popupNotifications HTTP/1.1" 200 2 "http://www.superyachtmediagroup.com/crm/" "Mozilla/5.0 (Macintosh; Intel Mac OS X 10.13; rv:62.0) Gecko/20100101 Firefox/62.0"
84.233.154.84 - - [22/Oct/2018:11:08:31 -0400] "GET / HTTP/1.1" 200 22860 "http://www.superyachtradio.com/" "Mozilla/5.0 (Windows NT 10.0; Win64; x64; rv:62.0) Gecko/20100101 Firefox/62.0"
77.231.237.201 - - [22/Oct/2018:11:08:34 -0400] "GET /crm/api/v1/Stream?after=2018-10-17+17%3A18%3A30&maxSize=&offset=0&sortBy=number&asc=false HTTP/1.1" 200 22 "http://www.superyachtmediagroup.com/crm/" "Mozilla/5.0 (Macintosh; Intel Mac OS X 10.13; rv:62.0) Gecko/20100101 Firefox/62.0"
77.231.237.201 - - [22/Oct/2018:11:08:35 -0400] "GET /crm/api/v1/Activities/action/listUpcoming?entityTypeList%5B%5D=Meeting&entityTypeList%5B%5D=Call&entityTypeList%5B%5D=Task&futureDays=3&maxSize=10&offset=0&sortBy=id&asc=false HTTP/1.1" 200 23 "http://www.superyachtmediagroup.com/crm/" "Mozilla/5.0 (Macintosh; Intel Mac OS X 10.13; rv:62.0) Gecko/20100101 Firefox/62.0"
84.233.154.84 - - [22/Oct/2018:11:08:36 -0400] "GET /presenters.html HTTP/1.1" 200 14936 "http://www.superyachtradio.com/" "Mozilla/5.0 (Windows NT 10.0; Win64; x64; rv:62.0) Gecko/20100101 Firefox/62.0"
84.233.154.84 - - [22/Oct/2018:11:08:36 -0400] "GET /assets/images/andy-crane-head-cropped-1400x1400.png HTTP/1.1" 200 324044 "http://www.superyachtradio.com/presenters.html" "Mozilla/5.0 (Windows NT 10.0; Win64; x64; rv:62.0) Gecko/20100101 Firefox/62.0"
84.233.154.84 - - [22/Oct/2018:11:08:37 -0400] "GET /assets/images/p5120327-1400x1866-1.jpg HTTP/1.1" 200 193597 "http://www.superyachtradio.com/presenters.html" "Mozilla/5.0 (Windows NT 10.0; Win64; x64; rv:62.0) Gecko/20100101 Firefox/62.0"
84.233.154.84 - - [22/Oct/2018:11:08:37 -0400] "GET /assets/images/leeroy-1400x1050.jpg HTTP/1.1" 200 285307 "http://www.superyachtradio.com/presenters.html" "Mozilla/5.0 (Windows NT 10.0; Win64; x64; rv:62.0) Gecko/20100101 Firefox/62.0"
84.233.154.84 - - [22/Oct/2018:11:08:37 -0400] "GET /assets/images/rhea-1400x2100-1.jpg HTTP/1.1" 200 331514 "http://www.superyachtradio.com/presenters.html" "Mozilla/5.0 (Windows NT 10.0; Win64; x64; rv:62.0) Gecko/20100101 Firefox/62.0"
84.233.154.84 - - [22/Oct/2018:11:08:37 -0400] "GET /assets/images/coz-trilby-bw-1400x1400.jpg HTTP/1.1" 200 229403 "http://www.superyachtradio.com/presenters.html" "Mozilla/5.0 (Windows NT 10.0; Win64; x64; rv:62.0) Gecko/20100101 Firefox/62.0"
84.233.154.84 - - [22/Oct/2018:11:08:37 -0400] "GET /assets/images/diana-1400x787.png HTTP/1.1" 200 1387927 "http://www.superyachtradio.com/presenters.html" "Mozilla/5.0 (Windows NT 10.0; Win64; x64; rv:62.0) Gecko/20100101 Firefox/62.0"
77.231.237.201 - - [22/Oct/2018:11:08:39 -0400] "GET /crm/api/v1/Notification/action/notReadCount HTTP/1.1" 200 - "http://www.superyachtmediagroup.com/crm/" "Mozilla/5.0 (Macintosh; Intel Mac OS X 10.13; rv:62.0) Gecko/20100101 Firefox/62.0"
77.231.237.201 - - [22/Oct/2018:11:08:47 -0400] "GET /crm/api/v1/Activities/action/popupNotifications HTTP/1.1" 200 2 "http://www.superyachtmediagroup.com/crm/" "Mozilla/5.0 (Macintosh; Intel Mac OS X 10.13; rv:62.0) Gecko/20100101 Firefox/62.0"
77.231.237.201 - - [22/Oct/2018:11:08:49 -0400] "GET /crm/api/v1/Notification/action/notReadCount HTTP/1.1" 200 - "http://www.superyachtmediagroup.com/crm/" "Mozilla/5.0 (Macintosh; Intel Mac OS X 10.13; rv:62.0) Gecko/20100101 Firefox/62.0"
84.233.154.84 - - [22/Oct/2018:11:08:58 -0400] "GET /interviews.html HTTP/1.1" 200 37032 "http://www.superyachtradio.com/presenters.html" "Mozilla/5.0 (Windows NT 10.0; Win64; x64; rv:62.0) Gecko/20100101 Firefox/62.0"
77.231.237.201 - - [22/Oct/2018:11:08:59 -0400] "GET /crm/api/v1/Notification/action/notReadCount HTTP/1.1" 200 - "http://www.superyachtmediagroup.com/crm/" "Mozilla/5.0 (Macintosh; Intel Mac OS X 10.13; rv:62.0) Gecko/20100101 Firefox/62.0"
84.233.154.84 - - [22/Oct/2018:11:08:59 -0400] "GET /assets/images/mbr-4-2000x1333.jpg HTTP/1.1" 200 99291 "http://www.superyachtradio.com/interviews.html" "Mozilla/5.0 (Windows NT 10.0; Win64; x64; rv:62.0) Gecko/20100101 Firefox/62.0"
77.231.237.201 - - [22/Oct/2018:11:09:03 -0400] "GET /crm/api/v1/Activities/action/popupNotifications HTTP/1.1" 200 2 "http://www.superyachtmediagroup.com/crm/" "Mozilla/5.0 (Macintosh; Intel Mac OS X 10.13; rv:62.0) Gecko/20100101 Firefox/62.0"
77.231.237.201 - - [22/Oct/2018:11:09:04 -0400] "GET /crm/api/v1/Stream?after=2018-10-17+17%3A18%3A30&maxSize=&offset=0&sortBy=number&asc=false HTTP/1.1" 200 22 "http://www.superyachtmediagroup.com/crm/" "Mozilla/5.0 (Macintosh; Intel Mac OS X 10.13; rv:62.0) Gecko/20100101 Firefox/62.0"
77.231.237.201 - - [22/Oct/2018:11:09:05 -0400] "GET /crm/api/v1/Activities/action/listUpcoming?entityTypeList%5B%5D=Meeting&entityTypeList%5B%5D=Call&entityTypeList%5B%5D=Task&futureDays=3&maxSize=10&offset=0&sortBy=id&asc=false HTTP/1.1" 200 23 "http://www.superyachtmediagroup.com/crm/" "Mozilla/5.0 (Macintosh; Intel Mac OS X 10.13; rv:62.0) Gecko/20100101 Firefox/62.0"
77.231.237.201 - - [22/Oct/2018:11:09:09 -0400] "GET /crm/api/v1/Notification/action/notReadCount HTTP/1.1" 200 - "http://www.superyachtmediagroup.com/crm/" "Mozilla/5.0 (Macintosh; Intel Mac OS X 10.13; rv:62.0) Gecko/20100101 Firefox/62.0"
77.231.237.201 - - [22/Oct/2018:11:09:18 -0400] "GET /crm/api/v1/Activities/action/popupNotifications HTTP/1.1" 200 2 "http://www.superyachtmediagroup.com/crm/" "Mozilla/5.0 (Macintosh; Intel Mac OS X 10.13; rv:62.0) Gecko/20100101 Firefox/62.0"
77.231.237.201 - - [22/Oct/2018:11:09:19 -0400] "GET /crm/api/v1/Notification/action/notReadCount HTTP/1.1" 200 - "http://www.superyachtmediagroup.com/crm/" "Mozilla/5.0 (Macintosh; Intel Mac OS X 10.13; rv:62.0) Gecko/20100101 Firefox/62.0"
77.231.237.201 - - [22/Oct/2018:11:09:29 -0400] "GET /crm/api/v1/Notification/action/notReadCount HTTP/1.1" 200 - "http://www.superyachtmediagroup.com/crm/" "Mozilla/5.0 (Macintosh; Intel Mac OS X 10.13; rv:62.0) Gecko/20100101 Firefox/62.0"
77.231.237.201 - - [22/Oct/2018:11:09:34 -0400] "GET /crm/api/v1/Activities/action/popupNotifications HTTP/1.1" 200 2 "http://www.superyachtmediagroup.com/crm/" "Mozilla/5.0 (Macintosh; Intel Mac OS X 10.13; rv:62.0) Gecko/20100101 Firefox/62.0"
77.231.237.201 - - [22/Oct/2018:11:09:35 -0400] "GET /crm/api/v1/Stream?after=2018-10-17+17%3A18%3A30&maxSize=&offset=0&sortBy=number&asc=false HTTP/1.1" 200 22 "http://www.superyachtmediagroup.com/crm/" "Mozilla/5.0 (Macintosh; Intel Mac OS X 10.13; rv:62.0) Gecko/20100101 Firefox/62.0"
77.231.237.201 - - [22/Oct/2018:11:09:36 -0400] "GET /crm/api/v1/Activities/action/listUpcoming?entityTypeList%5B%5D=Meeting&entityTypeList%5B%5D=Call&entityTypeList%5B%5D=Task&futureDays=3&maxSize=10&offset=0&sortBy=id&asc=false HTTP/1.1" 200 23 "http://www.superyachtmediagroup.com/crm/" "Mozilla/5.0 (Macintosh; Intel Mac OS X 10.13; rv:62.0) Gecko/20100101 Firefox/62.0"
84.233.154.84 - - [22/Oct/2018:11:09:36 -0400] "GET /schedule.html HTTP/1.1" 200 8112 "http://www.superyachtradio.com/interviews.html" "Mozilla/5.0 (Windows NT 10.0; Win64; x64; rv:62.0) Gecko/20100101 Firefox/62.0"
84.233.154.84 - - [22/Oct/2018:11:09:37 -0400] "GET /assets/dataTables/data-tables.bootstrap4.min.css HTTP/1.1" 200 4789 "http://www.superyachtradio.com/schedule.html" "Mozilla/5.0 (Windows NT 10.0; Win64; x64; rv:62.0) Gecko/20100101 Firefox/62.0"
84.233.154.84 - - [22/Oct/2018:11:09:37 -0400] "GET /assets/dataTables/data-tables.bootstrap4.min.js HTTP/1.1" 200 2021 "http://www.superyachtradio.com/schedule.html" "Mozilla/5.0 (Windows NT 10.0; Win64; x64; rv:62.0) Gecko/20100101 Firefox/62.0"
84.233.154.84 - - [22/Oct/2018:11:09:37 -0400] "GET /assets/dataTables/jquery.data-tables.min.js HTTP/1.1" 200 82638 "http://www.superyachtradio.com/schedule.html" "Mozilla/5.0 (Windows NT 10.0; Win64; x64; rv:62.0) Gecko/20100101 Firefox/62.0"
77.231.237.201 - - [22/Oct/2018:11:09:39 -0400] "GET /crm/api/v1/Notification/action/notReadCount HTTP/1.1" 200 - "http://www.superyachtmediagroup.com/crm/" "Mozilla/5.0 (Macintosh; Intel Mac OS X 10.13; rv:62.0) Gecko/20100101 Firefox/62.0"
77.231.237.201 - - [22/Oct/2018:11:09:49 -0400] "GET /crm/api/v1/Activities/action/popupNotifications HTTP/1.1" 200 2 "http://www.superyachtmediagroup.com/crm/" "Mozilla/5.0 (Macintosh; Intel Mac OS X 10.13; rv:62.0) Gecko/20100101 Firefox/62.0"
77.231.237.201 - - [22/Oct/2018:11:09:50 -0400] "GET /crm/api/v1/Notification/action/notReadCount HTTP/1.1" 200 - "http://www.superyachtmediagroup.com/crm/" "Mozilla/5.0 (Macintosh; Intel Mac OS X 10.13; rv:62.0) Gecko/20100101 Firefox/62.0"
84.233.154.84 - - [22/Oct/2018:11:09:56 -0400] "GET / HTTP/1.1" 200 22860 "http://www.superyachtradio.com/schedule.html" "Mozilla/5.0 (Windows NT 10.0; Win64; x64; rv:62.0) Gecko/20100101 Firefox/62.0"
77.231.237.201 - - [22/Oct/2018:11:10:00 -0400] "GET /crm/api/v1/Notification/action/notReadCount HTTP/1.1" 200 - "http://www.superyachtmediagroup.com/crm/" "Mozilla/5.0 (Macintosh; Intel Mac OS X 10.13; rv:62.0) Gecko/20100101 Firefox/62.0"
84.233.154.84 - - [22/Oct/2018:11:10:03 -0400] "GET / HTTP/1.1" 200 22860 "http://www.superyachtradio.com/" "Mozilla/5.0 (Windows NT 10.0; Win64; x64; rv:62.0) Gecko/20100101 Firefox/62.0"
84.233.154.84 - - [22/Oct/2018:11:10:04 -0400] "GET /assets/tether/tether.min.css HTTP/1.1" 200 237 "https://www.superyachtradio.com/" "Mozilla/5.0 (Windows NT 10.0; Win64; x64; rv:62.0) Gecko/20100101 Firefox/62.0"
84.233.154.84 - - [22/Oct/2018:11:10:04 -0400] "GET /assets/social-feed-plugin/jquery.socialfeed.css HTTP/1.1" 200 2759 "https://www.superyachtradio.com/" "Mozilla/5.0 (Windows NT 10.0; Win64; x64; rv:62.0) Gecko/20100101 Firefox/62.0"
84.233.154.84 - - [22/Oct/2018:11:10:04 -0400] "GET /assets/bootstrap/css/bootstrap.min.css HTTP/1.1" 200 87475 "https://www.superyachtradio.com/" "Mozilla/5.0 (Windows NT 10.0; Win64; x64; rv:62.0) Gecko/20100101 Firefox/62.0"
84.233.154.84 - - [22/Oct/2018:11:10:04 -0400] "GET /assets/animate.css/animate.min.css HTTP/1.1" 200 52789 "https://www.superyachtradio.com/" "Mozilla/5.0 (Windows NT 10.0; Win64; x64; rv:62.0) Gecko/20100101 Firefox/62.0"
84.233.154.84 - - [22/Oct/2018:11:10:04 -0400] "GET /assets/socicon/css/styles.css HTTP/1.1" 200 9144 "https://www.superyachtradio.com/" "Mozilla/5.0 (Windows NT 10.0; Win64; x64; rv:62.0) Gecko/20100101 Firefox/62.0"
84.233.154.84 - - [22/Oct/2018:11:10:04 -0400] "GET /assets/soundcloud-plugin/style.css HTTP/1.1" 200 1343 "https://www.superyachtradio.com/" "Mozilla/5.0 (Windows NT 10.0; Win64; x64; rv:62.0) Gecko/20100101 Firefox/62.0"
84.233.154.84 - - [22/Oct/2018:11:10:04 -0400] "GET /assets/dropdown/css/style.css HTTP/1.1" 200 8448 "https://www.superyachtradio.com/" "Mozilla/5.0 (Windows NT 10.0; Win64; x64; rv:62.0) Gecko/20100101 Firefox/62.0"
84.233.154.84 - - [22/Oct/2018:11:10:04 -0400] "GET /assets/social-feed-plugin/style.css HTTP/1.1" 200 690 "https://www.superyachtradio.com/" "Mozilla/5.0 (Windows NT 10.0; Win64; x64; rv:62.0) Gecko/20100101 Firefox/62.0"
84.233.154.84 - - [22/Oct/2018:11:10:04 -0400] "GET /assets/theme/css/style.css HTTP/1.1" 200 54296 "https://www.superyachtradio.com/" "Mozilla/5.0 (Windows NT 10.0; Win64; x64; rv:62.0) Gecko/20100101 Firefox/62.0"
84.233.154.84 - - [22/Oct/2018:11:10:04 -0400] "GET /assets/mobirise3-blocks-plugin/css/style.css HTTP/1.1" 200 151351 "https://www.superyachtradio.com/" "Mozilla/5.0 (Windows NT 10.0; Win64; x64; rv:62.0) Gecko/20100101 Firefox/62.0"
84.233.154.84 - - [22/Oct/2018:11:10:04 -0400] "GET /js/nativeflashradiov4.js HTTP/1.1" 200 68195 "https://www.superyachtradio.com/" "Mozilla/5.0 (Windows NT 10.0; Win64; x64; rv:62.0) Gecko/20100101 Firefox/62.0"
84.233.154.84 - - [22/Oct/2018:11:10:04 -0400] "GET /assets/mobirise/css/mbr-additional.css HTTP/1.1" 200 35452 "https://www.superyachtradio.com/" "Mozilla/5.0 (Windows NT 10.0; Win64; x64; rv:62.0) Gecko/20100101 Firefox/62.0"
77.231.237.201 - - [22/Oct/2018:11:10:04 -0400] "GET /crm/api/v1/Activities/action/popupNotifications HTTP/1.1" 200 2 "http://www.superyachtmediagroup.com/crm/" "Mozilla/5.0 (Macintosh; Intel Mac OS X 10.13; rv:62.0) Gecko/20100101 Firefox/62.0"
